+ -30. List the prime factors of t.
2, 3, 7
Suppose 5*z = -24 + 59. Let q be 2 - 1 - 30/(-1). Let l = z + q. List the prime factors of l.
2, 19
Let x(b) = b**2 - b - 2. Let c be x(-2). Suppose -c*q - 5*h + 36 = 0, 14 = 4*q - 2*h - 22. List the prime factors of q.
3
Let i(c) = -c - 6. Let y(h) = -1. Let t(g) = -i(g) + 6*y(g). Let k be t(6). Suppose -k*f + 39 = -5*f. List the prime factors of f.
3, 13
Let w(b) = -b**2 + 8*b + 12. Let n be w(9). Suppose 3*m = -n + 15. Suppose l = -m*l + 155. What are the prime factors of l?
31
Let t(a) = 9*a - 3. Let x be t(7). What are the prime factors of (-5)/(x/(-147))*4?
7
Let d = -404 - -1196. What are the prime factors of d?
2, 3, 11
Let y(w) = 214*w - 5. Let c be y(4). Suppose 2*q - c = -5*x, -q = -2*q + 3. List the prime factors of x.
13
Let f(t) = 5*t**2 - 2*t - 2. Let b = 3 + -4. Let s be f(b). Suppose -4*a + 3*l + 136 = -l, 0 = -s*a + l + 186. List the prime factors of a.
2, 19
Let x(a) = 5*a - 4. Let l(p) = -p - 1. Let j(r) = -6*l(r) - x(r). Let q be j(-8). List the prime factors of (-2 - (q - 21))*3.
3, 17
Suppose 3*s - 6 = -0. Suppose 0*u - s*u + 94 = 0. List the prime factors of u.
47
Let w be -23 + 4/((-3)/(-3)). Suppose -2*x + 113 - 31 = 0. Let u = x + w. What are the prime factors of u?
2, 11
Suppose 2*f - 9 - 1 = 0. Suppose 3*h - 3*p - 135 = 0, p + 221 = f*h - 0*p. What are the prime factors of h?
2, 11
Suppose -4560 = -1457*k + 1452*k. What are the prime factors of k?
2, 3, 19
Suppose 87 = 2*g - 5*x, 4*x - 3*x + 183 = 4*g. Suppose 230 = 5*f + 5*u, -2*u - g = -f - 7*u. What are the prime factors of f?
2, 23
What are the prime factors of 31620/70 + (-4)/(-14)?
2, 113
Suppose 0 = -5*q - 10*h + 12*h + 2407, 0 = 5*q + 4*h - 2401. List the prime factors of q.
13, 37
Suppose 124*w - 15 = 121*w, b + 3*w = 4816. List the prime factors of b.
4801
Suppose -18*k + 11*k + 8820 = 0. Suppose 7*t = -2*t + k. List the prime factors of t.
2, 5, 7
Suppose -h + 12 = -5*h, -4*h - 158 = 2*j. Let d = j - -145. What are the prime factors of d?
2, 3
Let v(x) = -39*x + 4. Let c be v(-4). Let h be 12/(-10)*c/(-6). Suppose 0 = -5*s + h - 2. What are the prime factors of s?
2, 3
Suppose 5*c = 1469 + 701. Suppose -9*i + c + 97 = 0. What are the prime factors of i?
59
What are the prime factors of ((-3)/(-4))/(6/3448)?
431
Let z(u) = 7*u**2 - 21*u - 13. List the prime factors of z(-13).
3, 13, 37
Suppose 4*n + 23 = 3. Let a(g) = g**2 + 7*g + 10. Let v be a(n). Suppose 3*z - d - 83 = v, -41 = -3*z - 4*d + 32. List the prime factors of z.
3
Let n(j) = 2*j**2 - 7*j. Let c be n(4). Let l = c + 111. What are the prime factors of l?
5, 23
Suppose 4*i = -0*i - 68. Let u = 2 - i. Suppose -u = 2*p - 85. What are the prime factors of p?
3, 11
Let r(u) = 6*u**2 - u**3 - 3*u + 2*u**3 + 3 + 5*u. Let h be r(-11). What are the prime factors of h/(-14) - (-6)/14?
3, 5
Let s = 189 + -150. List the prime factors of s.
3, 13
Let w = 607 - 276. List the prime factors of w.
331
Suppose 6910 = 11*c - 40346. List the prime factors of c.
2, 3, 179
Let r be 119*3*((-28)/(-12) - 2). What are the prime factors of 19/76 + r/4?
2, 3, 5
Let u be 20/(-6) + 2/(-3). Let y(q) = 8*q**2 - q + 5. Let n(h) = 9*h**2 - 3*h + 4. Let s(o) = -4*n(o) + 5*y(o). List the prime factors of s(u).
3, 5
Suppose 95*z - 23*z - 58536 = 0. List the prime factors of z.
3, 271
Let h(j) = -9*j + 4. Let d(f) = f - 2. Let c(g) = 4*d(g) + h(g). What are the prime factors of c(-10)?
2, 23
What are the prime factors of (17/2)/((-1)/(-128) + 0)?
2, 17
Let r = -29 - -35. Let q be (-1 + -1)/2 - r. List the prime factors of (1 - -3) + q - -30.
3
Suppose -f = l - 235, -5*f + 99 + 136 = l. Suppose -7 = 4*n - l. What are the prime factors of n?
3, 19
Let n(y) = -97*y + 32. Let l(o) = -32*o + 11. Let m(q) = 11*l(q) - 4*n(q). What are the prime factors of m(5)?
173
Let u be 334/10 + (-46)/115. List the prime factors of 506/10 + u/(-55).
2, 5
Let k = -8 - -8. Suppose k*m + m + 2*w = 28, -m + 38 = 4*w. Suppose -3*v - m = -j - 0*j, -3*j + 6 = 3*v. List the prime factors of j.
2, 3
Let c(k) = 50*k**2 + 5*k + 97. List the prime factors of c(-7).
2, 157
Let c(y) = 11*y**2 - 24. What are the prime factors of c(-5)?
251
Let s = 1441 + -140. List the prime factors of s.
1301
Suppose 3*h - 2510 = m, -h + 2*m - 48 = -883. List the prime factors of h.
3, 31
Let q(x) = -x**3 + 6*x**2 + 13*x - 44. Let k be q(7). Suppose -2 = a - 2*u + 2, -3*a = -4*u + 10. What are the prime factors of -2 + a/k + 40?
3, 13
Suppose 2*s + 5*s = 476. Let p = 158 + s. List the prime factors of p.
2, 113
Suppose -5*x + 13 = 33. Let c = 8 + x. Suppose 7 = 2*f - 3*z, c*f - f = -2*z + 43. What are the prime factors of f?
11
Let t(p) = 7*p + 7*p - 11*p - 2. Let k be t(2). Suppose -3*b - r + 79 = -3*r, -110 = -k*b + 5*r. List the prime factors of b.
5
Suppose -10 = -2*u + u. Let p = u + -10. Suppose g + t = 17, 5*g = -p*t - 4*t + 83. List the prime factors of g.
3, 5
Suppose 0 = 5*r + 4*s - 156, -6*r + 7*r + 4*s - 28 = 0. Suppose 2*y = -o + y + 16, 2*o = y + r. List the prime factors of o.
2
What are the prime factors of (-24021)/(-30) + (-18)/(-60)?
3, 89
Let m(f) = -f**3 - 9*f**2 - 8*f + 6. Let j be m(-8). Let k(x) = 5*x - 20. Let y be k(j). List the prime factors of (-15)/y*4/(-3).
2
Let f = -17 - -16. Let n be -2 + -2 + (-27)/f. Let l = 45 - n. What are the prime factors of l?
2, 11
Let b(j) = -2*j - 2. Let q be 15 - 11 - 5/1. Let f be b(q). List the prime factors of f - 4/(-1) - -19.
23
Let k(l) = l + 2. Let d(y) = 6*y + 28. Let j(u) = -d(u) - 3*k(u). List the prime factors of j(-8).
2, 19
Let n = 5746 - 3690. List the prime factors of n.
2, 257
Suppose 3*y - y - 6 = 0. Let j = y + -9. List the prime factors of 2/j - (-170)/6.
2, 7
Let g(w) = w**2 + 3*w - 4. Let l be g(-4). Suppose 0*o - 3*o = -z + 50, l = -o + 3*z - 30. Let p = o - -27. What are the prime factors of p?
2, 3
Let n = -40 + 63. Suppose 3*r = -r + 8. Suppose 3*k - r*k = 2*b - 7, -3*b - k = -n. List the prime factors of b.
2, 3
Let u be 81/4*80/(-6). What are the prime factors of (10/(-25))/(2/u)?
2, 3
Suppose u - 1625 = -u - m, 3*u - 2435 = -m. What are the prime factors of u?
2, 3, 5
Suppose 2*j - 162 = -2*h, -h + 3*j + 7 + 62 = 0. Let k = -54 + h. Suppose -2*r - 24 = -4*i - 6*r, 2*r = -5*i + k. List the prime factors of i.
2
Let r(j) = 2*j**2 + j - 11. Let v(q) = -q**2 + 5. Let s(t) = 4*r(t) + 7*v(t). List the prime factors of s(-13).
2, 3
What are the prime factors of 0 - 56/(-8) - -4729 - 5?
3, 19, 83
Let j = 3614 - 2003. What are the prime factors of j?
3, 179
Suppose 4 = -4*i - 0. Let x be (i - (-147 - 1)) + -2. Suppose -5*c - f + 194 = 0, 5*c - 5*f - x = 55. What are the prime factors of c?
3, 13
Suppose 3*c - 444 = -4*k + 3714, -k = -c + 1386. List the prime factors of c.
2, 3, 7, 11
Let g(w) be the second derivative of 3*w**5/20 + w**4/4 - 5*w**3/3 + 5*w**2 + 4*w. List the prime factors of g(4).
2, 3, 5, 7
Let g = 65 - 9. Let d be (-32)/g - 78/(-14). Suppose t = 2*x + 9, -4*x - 1 + d = 0. List the prime factors of t.
11
Let v be (-1)/(-5) - 38/(-10). Let z = v - 1. Suppose 0 = 5*o + z*t - 11, -5 = -o + 2*t + 5. What are the prime factors of o?
2
Let o(r) = -r**2 - 3*r. Let x be o(-3). Suppose 25 = 5*t - x*t. Suppose 0*h = 4*h + v - 141, -180 = -t*h - 2*v. What are the prime factors of h?
2, 17
Suppose 24*p - 28*p + 312 = 0. Suppose -s + p = -11. List the prime factors of s.
89
Suppose -3*a - 14 + 2 = -3*j, 3*j - 12 = -5*a. Let m(c) = 10*c - 13*c**2 + a*c**2 - c**3 + 2*c**2. What are the prime factors of m(-12)?
2, 3
Let n(h) = 7*h - 12. Let o be n(9). Let u = o + -24. Suppose -f + 6 = -3*f, u = 5*q - 4*f. What are the prime factors of q?
3
Let p be 22*4/4 + (-1 - -3). What are the prime factors of 1/6 - (-4268)/p?
2, 89
Suppose 5*r - 2002 - 113 = 0. What are the prime factors of r?
3, 47
Suppose -y = -c - 9, -c = 4*y - 2*c - 24. Suppose 0 = -y*x + 5, 5*v - 358 + 69 = -4*x. List the prime factors of v.
3, 19
Let n = -319 + 1143. What are the prime factors of n?
2, 103
Let v(c) = 12*c**2 + 23*c - 23. List the prime factors of v(-8).
3, 11, 17
Suppose -4*d + 124 = -0*d. Suppose -d*h = -26*h - 215. List the prime factors of h.
43
Let s(j) = 4*j**2 - 17*j + 10. What are the prime factors of s(12)?
2, 191
Suppose -5*d = -1906 - 999. What are the prime factor